{"id":246,"date":"2025-11-04T19:14:27","date_gmt":"2025-11-04T19:14:27","guid":{"rendered":"https:\/\/elmejorcontador.com.co\/?page_id=246"},"modified":"2025-11-04T19:22:09","modified_gmt":"2025-11-04T19:22:09","slug":"que-paso-con-el-dinero","status":"publish","type":"page","link":"https:\/\/elmejorcontador.com.co\/?page_id=246","title":{"rendered":"Que paso con el dinero"},"content":{"rendered":"<h3 class=\"wp-block-heading has-text-align-center has-primary-color has-text-color has-link-color\" style=\"margin-top: 0px; margin-bottom: 0px; line-height: 1.2; text-align: center;\">\u00bfQu\u00e9 pas\u00f3 con mi dinero?<\/h3>\r\n<p style=\"text-align: center;\"><img class=\"\" \/><\/p>\r\n<!-- \/wp:post-content -->\r\n\r\n<!-- wp:paragraph {\"align\":\"center\",\"style\":{\"elements\":{\"link\":{\"color\":{\"text\":\"var:preset|color|primary\"}}},\"spacing\":{\"margin\":{\"top\":\"0\",\"bottom\":\"0\"},\"padding\":{\"top\":\"24px\",\"bottom\":\"30px\"}}},\"textColor\":\"primary\"} -->\r\n<p class=\"has-text-align-center has-primary-color has-text-color has-link-color\" style=\"margin-top: 0px; margin-bottom: 0px; padding-top: 24px; padding-bottom: 30px; text-align: center;\">\u00bfQuieres saber exactamente qu\u00e9 pas\u00f3 con el dinero de tu empresa? Con esta herramienta podr\u00e1s elaborar el Estado de Flujos de Efectivo por el m\u00e9todo directo, separando las transacciones que impactan el efectivo de las que no, todo bajo las NIIF para Pymes.<\/p>\r\n<p><iframe title=\"\u00bfQU\u00c9 PAS\u00d3 CON EL DINERO? - por fin el estado de flujos de efectivo por el m\u00e9todo directo\" width=\"500\" height=\"281\" src=\"https:\/\/www.youtube.com\/embed\/UWzpGo2dZz8?feature=oembed\" frameborder=\"0\" allow=\"accelerometer; autoplay; clipboard-write; encrypted-media; gyroscope; picture-in-picture; web-share\" referrerpolicy=\"strict-origin-when-cross-origin\" allowfullscreen><\/iframe><\/p>","protected":false},"excerpt":{"rendered":"<p>\u00bfQu\u00e9 pas\u00f3 con mi dinero? \u00bfQuieres saber exactamente qu\u00e9 pas\u00f3 con el dinero de tu empresa? Con esta herramienta podr\u00e1s elaborar el Estado de Flujos de Efectivo por el m\u00e9todo directo, separando las transacciones que impactan el efectivo de las que no, todo bajo las NIIF para Pymes.<\/p>\n","protected":false},"author":1,"featured_media":0,"parent":0,"menu_order":0,"comment_status":"closed","ping_status":"closed","template":"","meta":{"footnotes":""},"class_list":["post-246","page","type-page","status-publish","hentry"],"yoast_head":"<!-- This site is optimized with the Yoast SEO plugin v27.4 - https:\/\/yoast.com\/product\/yoast-seo-wordpress\/ -->\n<title>Que paso con el dinero - DOUGLAS ESP\u00cdNDOLA \/ Contador P\u00fablico<\/title>\n<meta name=\"robots\" content=\"index, follow, max-snippet:-1, max-image-preview:large, max-video-preview:-1\" \/>\n<link rel=\"canonical\" href=\"https:\/\/elmejorcontador.com.co\/?page_id=246\" \/>\n<meta property=\"og:locale\" content=\"es_ES\" \/>\n<meta property=\"og:type\" content=\"article\" \/>\n<meta property=\"og:title\" content=\"Que paso con el dinero - DOUGLAS ESP\u00cdNDOLA \/ Contador P\u00fablico\" \/>\n<meta property=\"og:description\" content=\"\u00bfQu\u00e9 pas\u00f3 con mi dinero? \u00bfQuieres saber exactamente qu\u00e9 pas\u00f3 con el dinero de tu empresa? Con esta herramienta podr\u00e1s elaborar el Estado de Flujos de Efectivo por el m\u00e9todo directo, separando las transacciones que impactan el efectivo de las que no, todo bajo las NIIF para Pymes.\" \/>\n<meta property=\"og:url\" content=\"https:\/\/elmejorcontador.com.co\/?page_id=246\" \/>\n<meta property=\"og:site_name\" content=\"DOUGLAS ESP\u00cdNDOLA \/ Contador P\u00fablico\" \/>\n<meta property=\"article:modified_time\" content=\"2025-11-04T19:22:09+00:00\" \/>\n<meta name=\"twitter:card\" content=\"summary_large_image\" \/>\n<meta name=\"twitter:label1\" content=\"Tiempo de lectura\" \/>\n\t<meta name=\"twitter:data1\" content=\"1 minuto\" \/>\n<script type=\"application\/ld+json\" class=\"yoast-schema-graph\">{\"@context\":\"https:\\\/\\\/schema.org\",\"@graph\":[{\"@type\":\"WebPage\",\"@id\":\"https:\\\/\\\/elmejorcontador.com.co\\\/?page_id=246\",\"url\":\"https:\\\/\\\/elmejorcontador.com.co\\\/?page_id=246\",\"name\":\"Que paso con el dinero - DOUGLAS ESP\u00cdNDOLA \\\/ Contador P\u00fablico\",\"isPartOf\":{\"@id\":\"https:\\\/\\\/elmejorcontador.com.co\\\/#website\"},\"datePublished\":\"2025-11-04T19:14:27+00:00\",\"dateModified\":\"2025-11-04T19:22:09+00:00\",\"breadcrumb\":{\"@id\":\"https:\\\/\\\/elmejorcontador.com.co\\\/?page_id=246#breadcrumb\"},\"inLanguage\":\"es\",\"potentialAction\":[{\"@type\":\"ReadAction\",\"target\":[\"https:\\\/\\\/elmejorcontador.com.co\\\/?page_id=246\"]}]},{\"@type\":\"BreadcrumbList\",\"@id\":\"https:\\\/\\\/elmejorcontador.com.co\\\/?page_id=246#breadcrumb\",\"itemListElement\":[{\"@type\":\"ListItem\",\"position\":1,\"name\":\"Portada\",\"item\":\"https:\\\/\\\/elmejorcontador.com.co\\\/\"},{\"@type\":\"ListItem\",\"position\":2,\"name\":\"Que paso con el dinero\"}]},{\"@type\":\"WebSite\",\"@id\":\"https:\\\/\\\/elmejorcontador.com.co\\\/#website\",\"url\":\"https:\\\/\\\/elmejorcontador.com.co\\\/\",\"name\":\"DOUGLAS ESP\u00cdNDOLA \\\/ Contador P\u00fablico\",\"description\":\"\",\"potentialAction\":[{\"@type\":\"SearchAction\",\"target\":{\"@type\":\"EntryPoint\",\"urlTemplate\":\"https:\\\/\\\/elmejorcontador.com.co\\\/?s={search_term_string}\"},\"query-input\":{\"@type\":\"PropertyValueSpecification\",\"valueRequired\":true,\"valueName\":\"search_term_string\"}}],\"inLanguage\":\"es\"}]}<\/script>\n<!-- \/ Yoast SEO plugin. -->","yoast_head_json":{"title":"Que paso con el dinero - DOUGLAS ESP\u00cdNDOLA \/ Contador P\u00fablico","robots":{"index":"index","follow":"follow","max-snippet":"max-snippet:-1","max-image-preview":"max-image-preview:large","max-video-preview":"max-video-preview:-1"},"canonical":"https:\/\/elmejorcontador.com.co\/?page_id=246","og_locale":"es_ES","og_type":"article","og_title":"Que paso con el dinero - DOUGLAS ESP\u00cdNDOLA \/ Contador P\u00fablico","og_description":"\u00bfQu\u00e9 pas\u00f3 con mi dinero? \u00bfQuieres saber exactamente qu\u00e9 pas\u00f3 con el dinero de tu empresa? Con esta herramienta podr\u00e1s elaborar el Estado de Flujos de Efectivo por el m\u00e9todo directo, separando las transacciones que impactan el efectivo de las que no, todo bajo las NIIF para Pymes.","og_url":"https:\/\/elmejorcontador.com.co\/?page_id=246","og_site_name":"DOUGLAS ESP\u00cdNDOLA \/ Contador P\u00fablico","article_modified_time":"2025-11-04T19:22:09+00:00","twitter_card":"summary_large_image","twitter_misc":{"Tiempo de lectura":"1 minuto"},"schema":{"@context":"https:\/\/schema.org","@graph":[{"@type":"WebPage","@id":"https:\/\/elmejorcontador.com.co\/?page_id=246","url":"https:\/\/elmejorcontador.com.co\/?page_id=246","name":"Que paso con el dinero - DOUGLAS ESP\u00cdNDOLA \/ Contador P\u00fablico","isPartOf":{"@id":"https:\/\/elmejorcontador.com.co\/#website"},"datePublished":"2025-11-04T19:14:27+00:00","dateModified":"2025-11-04T19:22:09+00:00","breadcrumb":{"@id":"https:\/\/elmejorcontador.com.co\/?page_id=246#breadcrumb"},"inLanguage":"es","potentialAction":[{"@type":"ReadAction","target":["https:\/\/elmejorcontador.com.co\/?page_id=246"]}]},{"@type":"BreadcrumbList","@id":"https:\/\/elmejorcontador.com.co\/?page_id=246#breadcrumb","itemListElement":[{"@type":"ListItem","position":1,"name":"Portada","item":"https:\/\/elmejorcontador.com.co\/"},{"@type":"ListItem","position":2,"name":"Que paso con el dinero"}]},{"@type":"WebSite","@id":"https:\/\/elmejorcontador.com.co\/#website","url":"https:\/\/elmejorcontador.com.co\/","name":"DOUGLAS ESP\u00cdNDOLA \/ Contador P\u00fablico","description":"","potentialAction":[{"@type":"SearchAction","target":{"@type":"EntryPoint","urlTemplate":"https:\/\/elmejorcontador.com.co\/?s={search_term_string}"},"query-input":{"@type":"PropertyValueSpecification","valueRequired":true,"valueName":"search_term_string"}}],"inLanguage":"es"}]}},"_links":{"self":[{"href":"https:\/\/elmejorcontador.com.co\/index.php?rest_route=\/wp\/v2\/pages\/246","targetHints":{"allow":["GET"]}}],"collection":[{"href":"https:\/\/elmejorcontador.com.co\/index.php?rest_route=\/wp\/v2\/pages"}],"about":[{"href":"https:\/\/elmejorcontador.com.co\/index.php?rest_route=\/wp\/v2\/types\/page"}],"author":[{"embeddable":true,"href":"https:\/\/elmejorcontador.com.co\/index.php?rest_route=\/wp\/v2\/users\/1"}],"replies":[{"embeddable":true,"href":"https:\/\/elmejorcontador.com.co\/index.php?rest_route=%2Fwp%2Fv2%2Fcomments&post=246"}],"version-history":[{"count":5,"href":"https:\/\/elmejorcontador.com.co\/index.php?rest_route=\/wp\/v2\/pages\/246\/revisions"}],"predecessor-version":[{"id":257,"href":"https:\/\/elmejorcontador.com.co\/index.php?rest_route=\/wp\/v2\/pages\/246\/revisions\/257"}],"wp:attachment":[{"href":"https:\/\/elmejorcontador.com.co\/index.php?rest_route=%2Fwp%2Fv2%2Fmedia&parent=246"}],"curies":[{"name":"wp","href":"https:\/\/api.w.org\/{rel}","templated":true}]}}